n + 6*n - 95 = 0. Let a = n - 15. Suppose -t - a*t + 10 = 0. List the prime factors of t.
2
Let v be 1/5 + (-756)/(-45). Suppose -v = -5*c - 5*w + 33, -2*w = -4*c + 34. List the prime factors of c.
3
Let w be (7/(-3))/(-7)*-12. Let z = 21 + w. List the prime factors of z.
17
Suppose 3*i - 12 = -0*i, -3*d + 481 = 4*i. What are the prime factors of d?
5, 31
Suppose 19*x - 8722 = 5*x. What are the prime factors of x?
7, 89
Let t = 426 + 528. List the prime factors of t.
2, 3, 53
Let m(w) = -w + 13. Let v(y) = 2*y + 3. Let n(s) = -3*s - 7. Let p(j) = -4*n(j) - 7*v(j). Let l be p(7). List the prime factors of m(l).
2, 5
Suppose 25 = 3*s + 2*h - 1, 0 = s + 4*h - 22. Let m be (-9)/6*(-452)/s. Suppose m + 37 = 5*f. What are the prime factors of f?
2, 3, 5
Let l(m) = -m**2 + 2*m**2 - 6 + m**2 - m**2 + 4*m. Let y be l(-8). Suppose w - s - 16 = 0, w - 3*s - y = -0*w. List the prime factors of w.
11
Suppose -3508 = -4*p + 7848. What are the prime factors of p?
17, 167
List the prime factors of 0/(5 - -3) - -961.
31
Let t = -62 - -65. Suppose -4*s + 70 = t*j, -s - j = 3*j - 24. List the prime factors of s.
2
Suppose -q + 0*q = -w + 225, 2*q + 678 = 3*w. What are the prime factors of w?
2, 3, 19
Let z be 3/(-21) + 43/7. Let a be (-4)/6*(-45)/z. Suppose a*m - 64 = 141. What are the prime factors of m?
41
Let o = -28 + 28. Let b be 4 + (-3 + o - -2). Suppose -2*x = -10, 4*x + 265 = 5*v + b*x. What are the prime factors of v?
2, 3
Let o(l) = 2*l**2 - 3. Suppose -5*c - 2*f - 1 = -8, -3*c + 4 = f. Let h(b) = -4*b**2 - 2*b + 2. Let i be h(c). List the prime factors of o(i).
29
Suppose -228*b + 1239 = -225*b. What are the prime factors of b?
7, 59
Suppose 0 = 552*c - 556*c + 1020. List the prime factors of c.
3, 5, 17
Suppose -3*z - 58 + 214 = 0. Let f = 95 - z. Suppose -34 = -5*h - i + 76, -h + f = -4*i. What are the prime factors of h?
23
Let t = -32 + 35. Suppose b - a + 6*a = -4, 2*b - 14 = a. Suppose 0 = -3*j - n + b, -6 = -n + t*n. What are the prime factors of j?
3
Suppose 3*k - 77 = -26. Let x(y) = k*y - 11*y - 2 - 3. What are the prime factors of x(6)?
31
Let z = -4412 + 6524. What are the prime factors of z?
2, 3, 11
Let s(r) = r**3 + 3*r**2 - 1. Let b be s(-3). Let t be b/3*(-138)/(-2). Let g = 0 - t. What are the prime factors of g?
23
Suppose -35*b = -32*b - 2982. List the prime factors of b.
2, 7, 71
Let f(u) = -u**2 + 4*u - 2. Let w be f(4). Let g = 5 - -1. Let m = g - w. List the prime factors of m.
2
Let n be -1*10*(-99)/(-18). Let f = 60 + n. List the prime factors of f.
5
Suppose 9*v - 7*v = 4*q + 150, -5*q = 2*v - 150. Suppose 3*l = -3*a + 435, l - v - 62 = -3*a. What are the prime factors of l?
149
Let x(v) = v**3 - 9*v**2 + 8*v + 2. Let g be x(8). Suppose -g*q = -7*q. Suppose q*s - 4*s = -232. What are the prime factors of s?
2, 29
Let s be (-2 - (0 + 1)) + 6. Suppose 7 = s*t - 11. Suppose -t*o + o = 4*b - 43, -2*o = -3*b + 15. What are the prime factors of b?
7
Let p(x) = -3*x**2 + 2*x + 7 + 12*x**2 - x + 7*x. List the prime factors of p(-4).
7, 17
Let d = 2 - -27. Let o = d - -161. What are the prime factors of o?
2, 5, 19
Suppose -6*h + 65*h - 36462 = 0. List the prime factors of h.
2, 3, 103
Suppose 0*y + 20 = -5*y, -2*s + 52 = 3*y. What are the prime factors of (s/20)/(6/105)?
2, 7
Let y be -6 - -1 - (1 - 2). Let f(u) = -4*u**2 - 4*u - 6. Let x be f(y). Let m = x + 90. List the prime factors of m.
2, 3
Let k = 3 - 3. Suppose j = o + 1, k = 3*o + 5*j + 8 - 45. List the prime factors of o.
2
Let r(m) = m**3 - 22*m**2 + 21*m + 21. List the prime factors of r(21).
3, 7
Let v(m) = m**2 + 4*m. Suppose -4*y - 5*z + 17 + 18 = 0, 0 = 3*y + 2*z - 21. Suppose -44 + 8 = y*r - 3*k, -2 = 2*r + 5*k. List the prime factors of v(r).
2, 3
Let o = 12 + -7. Suppose -1253 = 537*b - 544*b. Suppose -4*r + a + 0*a + 145 = 0, o*r = -a + b. What are the prime factors of r?
2, 3
Let q = 310 - 285. What are the prime factors of q?
5
Let i(n) = -n**3 - 18*n**2 - 15*n + 4. Let q be i(-16). Let k = -155 - q. What are the prime factors of k?
113
Suppose 5*o - 3*o = 2. Let u be o/(-2) - 14/4. List the prime factors of ((-24)/10)/(u/30).
2, 3
Suppose -3*q + 3*g = 2*g - 11, 2*q - 11 = -3*g. Suppose -q*d + 2*c = -3 - 7, -5*d = -c - 5. Suppose d*t = -t + 33. List the prime factors of t.
3, 11
Let q be (-57)/95 - (-54)/15. Let w(h) = 7*h**2 + 2*h - 1. Let n be w(1). Suppose -38 = -q*i - 3*j + n*j, -3*j = -6. List the prime factors of i.
2
Let v(a) = 0*a**3 - 3*a + 0*a + a - 5*a**2 + a**3. Suppose 0*o = -6*o + 36. What are the prime factors of v(o)?
2, 3
Suppose v + 2*w - 7*w = 288, 2*v - 5*w - 601 = 0. What are the prime factors of v?
313
Let y be (-4)/(-26) + -1*230/(-26). Let f = 4 + -7. What are the prime factors of 242/6 + f/y?
2, 5
Suppose -2017 = 8*a - 9*a + b, -5*a = -2*b - 10079. List the prime factors of a.
5, 13, 31
Let x(o) = 27*o - 132. List the prime factors of x(12).
2, 3
Suppose -2*v - 77 = -3*v. List the prime factors of 5*(v/5 + 1).
2, 41
Let f = 141 + -212. Let c = 167 + f. List the prime factors of c.
2, 3
Let o = 123 - -22. What are the prime factors of o?
5, 29
Let v(c) = -c + 7. Let y be v(5). Let g be (2/y)/((-12)/(-24)). What are the prime factors of (-1 + g)/(3/45)?
3, 5
Let h = 52 - 61. List the prime factors of (-3)/((-2)/(-9) + 11/h).
3
Let l(s) = 751*s**2 - 4*s - 2. List the prime factors of l(-1).
3, 251
Let j be (6/(-3) + 2)/(1 - -1). Suppose 0 = -j*i + 2*i + 2*f - 130, -i = -5*f - 65. List the prime factors of i.
5, 13
Suppose -2*c = -4*m + m + 69, -9 = 3*m. What are the prime factors of (15 - 0)/(c/(-52))?
2, 5
What are the prime factors of (-16)/2*((-60 - 5) + 1)?
2
Let k = 522 + -458. What are the prime factors of k?
2
Let a(r) = r**3 + 4*r**2 - r - 2. Let f be a(-4). Suppose -6*j = -f*s - 3*j + 164, -4*j = 2*s - 164. What are the prime factors of s?
2, 41
What are the prime factors of (-8)/(2 + 750/(-372))?
2, 31
Suppose 5*u - 596 = 3*g - g, -4*g = u - 106. Suppose -4*c + u = 2. What are the prime factors of c?
29
Let o = 77 + -27. Let g = o - 35. Let u(w) = w - 8. What are the prime factors of u(g)?
7
Suppose 0 = z - 5*m - 2093, 5*z - 18*m + 22*m - 10407 = 0. What are the prime factors of z?
2083
Suppose -f - 2*i = -2231, 6*i + 4 = 5*i. What are the prime factors of f?
2239
Let v(d) = -10*d**3 - 9*d**2 - 12*d - 7. List the prime factors of v(-6).
1901
Suppose -5*l - 41 = -2*a - 12, 0 = -5*a + l + 15. Suppose -2*w = 2*d - 28, -7*w + 3*w = -5*d - 38. What are the prime factors of (w - 13)*(-64)/a?
2
Suppose -141*b = -140*b, 4*b + 22370 = 5*n. List the prime factors of n.
2, 2237
Suppose 3*l - 8 = -l. Let m be (-1)/(l + (-70)/34). Suppose -5*n - m = -r - 2, 3*r - 45 = n. List the prime factors of r.
3, 5
Suppose 5*h + 5 = 4*q, 3*h = 2*q - 0*q - 1. Suppose -6*w + q*w + 4 = 0. Suppose 44 = y - w*b, -4*y - 3*b = -0*b - 119. What are the prime factors of y?
2
Suppose 3*k = -2*k + 2765. List the prime factors of k.
7, 79
Let y = 713 - 323. List the prime factors of y.
2, 3, 5, 13
Suppose 5*t = -3*i + 715 + 85, 0 = 3*t - 5*i - 446. List the prime factors of t.
157
Let u(t) = -t**3 - t**2 + 80. Let r be u(0). Suppose y + r = 5*q, 0*y = 4*q - 2*y - 64. Let w = q + -7. List the prime factors of w.
3
Let p = -1016 - -1510. What are the prime factors of p?
2, 13, 19
Suppose 0 = 4*c + 5*c - 1008. Suppose 3*a - c = 2*a. What are the prime factors of a?
2, 7
Let d = 14 + -11. Suppose 3*y - 126 = -d*y. What are the prime factors of y?
3, 7
Let i(z) = z - 2. Let f be i(0). Let q be (20/15)/(f/(-12)). Suppose 3*d - q = 1. List the prime factors of d.
3
Let p = 1350 + -747. Let z be (-4)/10 + p/45. Suppose 3*f - 2*i - z = 2*i, 4*f = 2*i + 24. What are the prime factors of f?
7
Suppose 2368 = 4*t + 4*g, -t + 8*g = 11*g - 586. List the prime factors of t.
5, 7, 17
Let t(h) = -2*h + 1. Let l be t(0). Suppose u = 3 + l. Suppose -5*s - z + 81 = 0, -2*z = -z + u. List the prime factors of s.
17
Let a = 4633 - 2600. What are the prime factors of a?
19, 107
Suppose j - 9 = -2*j. Let s be 1 + j/(-1)*-5. Suppose 4*o = s, 2*c + 0*c + 4*o - 60 = 0. List the prime factors of c.
2, 11
Let g(f) = -2*f**2 - 6*f - 2. Let d be g(-4). What are the prime factors of (d + 5)*-1 - -167?
2, 43
Suppose -23013 - 6531 = -12*c. What are the prime factors of c?
2, 1231
Suppose y = 5